+ 0*v = 3*j + 22. What is the units digit of j/49 - (-128)/7?
8
Let d = 3 + -7. What is the units digit of d/18 - (-88)/72?
1
Suppose 0 = -5*c + 10*c + 100. Let q = c + 36. What is the units digit of q?
6
Let i = 2 - 2. Suppose t + i = 3. What is the units digit of t?
3
Let i be 3 + (-4)/8*0. Suppose -57 = 2*q - i*q. What is the tens digit of q?
5
Let b be (-1)/(3 + (-23)/8). Let r = 7 - b. What is the tens digit of (8*3)/(r/10)?
1
Let l = -50 + 94. What is the tens digit of l?
4
Suppose 15*n = n + 4536. What is the hundreds digit of n?
3
What is the tens digit of ((-2)/(-1) - 0) + 9?
1
Let b be ((5 - -1) + -1)/1. Suppose 5*p + 95 = 5*w, p - b*w = -1 + 2. Let n = -16 - p. What is the units digit of n?
8
Let g be 0 + 1 - 9/(-3). Let f(q) = -q**3 + 4*q**2 + 4*q + 5. What is the units digit of f(g)?
1
Let u(d) = 2*d**2 - 2*d. What is the tens digit of u(-3)?
2
Let a be (-630)/(-3)*12/9. Suppose 4*k + 5*u + a = 88, -4*k = -5*u + 232. Let l = 75 + k. What is the units digit of l?
2
Let u be (-330)/(-4) + 15/10. Let c be (3/2)/((-2)/(-12)). What is the units digit of u/c + 2/(-6)?
9
Let i be (-15)/3*9/(-15). Let m(d) = 2*d**2 - 4*d + 3. What is the units digit of m(i)?
9
Let w(u) = -u**2 - 20*u - 1. Let t be w(-14). Suppose 0 = 3*m - 15, m - 90 - t = -4*o. What is the units digit of o?
2
Let z = 66 + -96. What is the units digit of (-2)/(-5) - 168/z?
6
Suppose 5*l + 4 - 171 = -2*w, -2*w + 2 = 0. What is the tens digit of l?
3
Suppose 2*k + 0*r = 5*r + 12, 2*r + 40 = 3*k. Let h = 8 - k. Let v = -6 - h. What is the units digit of v?
2
Let z(w) = 5*w**2 + 3*w + 1. Let c = -2 + 0. What is the tens digit of z(c)?
1
Let j be (2 - 1)/((-1)/(-2)). Suppose -5*c + 19 = j*h, 2*h - 10 = -3*c + c. Suppose h*w + 2 = 2*d + 10, w + d = 0. What is the units digit of w?
2
Let w(m) = m**3 - 11*m**2 + 11*m - 15. Let y be w(10). Let t(u) = -u**3 - 6*u**2 - 6*u - 2. What is the units digit of t(y)?
3
Suppose -4*j = -2*x - 38, 2*j + 5*x - 3*x = 16. What is the units digit of (-4)/(-2)*j/2?
9
Suppose -2*v + v = -65. What is the units digit of v?
5
What is the units digit of (-2)/1*(-17)/2?
7
Let u(b) = b**2 - 3*b - 7. Let t be u(5). Let p = -1 + 3. Suppose 5*q = p*q + t. What is the units digit of q?
1
Let d(u) = 63*u - 2. What is the units digit of d(1)?
1
Suppose -2*u = 5*v + 6, -6*v = 5*u - 4*v - 6. Suppose 7 - 3 = u*d. What is the units digit of d?
2
Suppose -11 = -3*q - 4*f, -4*f + 8 = 2*q - 2*f. Suppose 0*x + q = x. Suppose 2*u = 5*j - 12 - x, 2*u = 3*j - 11. What is the units digit of j?
3
Suppose 4*m + 4*g = 4, 2*m - 7 = g - 4*g. Let d = -7 - -12. Let b = d + m. What is the units digit of b?
1
Let t = 26 + 12. What is the tens digit of t?
3
Suppose 0 = 6*r - 7 - 173. Suppose x - r = -13. What is the tens digit of x?
1
Let z be ((-1)/(-1) - -3) + -3. Let k = z + 5. What is the units digit of k?
6
Suppose 2*c - 3*c = 0. Let w(j) = c - 4*j**2 + 5*j**2 + j + 13*j**2 + 1. What is the tens digit of w(-1)?
1
Let z(y) = -y**3 - 4*y**2 + 4*y - 5. Let n be z(-5). Let h = 0 + n. Suppose 4*v + 2*d - 4 - 10 = h, -d - 5 = -v. What is the units digit of v?
4
Let s = 34 + -15. Suppose -a - 2*f + 43 = 2*a, -4*a + 5*f + s = 0. What is the tens digit of a?
1
What is the units digit of (-548)/(-36) + 2/(-9)?
5
Suppose -3*f + 3 = -0. Let q = f + 4. Suppose -q*l - 2 = 3, 2*i = -2*l. What is the units digit of i?
1
Suppose 3*r + 9 = 0, 0*v + 3*r = -v + 191. What is the tens digit of v?
0
Suppose 0*x + 4*x = 2*b + 298, -b + 313 = 4*x. Let l = -49 + x. What is the tens digit of l?
2
Let t(l) = l**2 - 5*l - 9. What is the tens digit of t(9)?
2
Let s be (-5)/((-5)/(-2)) + 2. What is the units digit of (-3 - s)/(5/(-5))?
3
Let b = -10 - -17. Let f(a) = a - 4. What is the units digit of f(b)?
3
What is the units digit of -120*((-8)/6)/2?
0
Let a = -22 - -211. What is the hundreds digit of a?
1
Let h(k) be the second derivative of -k**4/12 + k**3/6 + k**2 - k. Let n be h(0). Suppose 2*t = -2*t, -n*t + 45 = 3*y. What is the tens digit of y?
1
Let y(t) = t**2 - t + 135. What is the tens digit of y(0)?
3
Let l(m) be the third derivative of m**6/10 - m**5/60 + m**4/24 - 2*m**2. What is the tens digit of l(1)?
1
Suppose -8*z - 291 + 1299 = 0. What is the tens digit of z?
2
Let t(i) = i**2. Let x be t(0). Let o = x + -2. Let c = o - -3. What is the units digit of c?
1
Let j be 6/(-8) - (-48)/64. Suppose -3*b - 2*p + 72 = 0, j = -6*b + b - p + 120. What is the units digit of b?
4
Let p(f) = f + 10. Let t be p(-8). Suppose -2*y + 0 = -t. What is the units digit of y?
1
Let q = 0 - -7. What is the units digit of q?
7
Let n = 106 + -55. Let k = n + -19. What is the tens digit of k?
3
What is the units digit of 3/(-4) - (-99)/4?
4
Suppose -4*q + 2 + 10 = 0. Let h(a) = 3*a + 2. What is the tens digit of h(q)?
1
Let p(x) be the second derivative of -x**5/20 - x**4/2 - x**3/6 - x**2/2 + 2*x. What is the units digit of p(-6)?
5
What is the units digit of 4/(-14) - 561/(-77)?
7
Let p(i) = i**2 + 4*i - 10. Let d(o) = -o**3 + 9*o**2 - 2*o + 11. Let k be d(9). What is the units digit of p(k)?
1
Let n(z) = -14*z - 58. What is the hundreds digit of n(-18)?
1
Suppose p = -2*n + 84, 3*n - 250 = -3*p - 2*n. What is the units digit of p?
0
Suppose -4*f + 6 = -3*n, 0 = 4*n + 2*f + 2 - 16. Suppose n*t + 4*i - 40 = 0, -3*t - 4*i + 33 = -33. What is the tens digit of t?
2
Suppose -3*b + 48 = -72. What is the units digit of b?
0
Suppose -2*f - 62 = -5*j, j - f + 2*f - 18 = 0. Let h = -5 + 8. Suppose h*s = -5*b + 34, b - 2*s - s - j = 0. What is the units digit of b?
8
Let z = -9 - -2. Let g = -5 - z. What is the units digit of -1 + 1 + g*4?
8
Suppose -6*a = -p - a + 1, -20 = -4*a. What is the tens digit of p?
2
Suppose 5*j - 64 = 26. What is the units digit of j?
8
Let a(f) = f + 13. Let d be a(-8). Suppose -d*h = -t - 3 + 10, -5*t + h = -107. What is the tens digit of t?
2
Suppose 3*w - 15 = 0, 0*k - 5*k + 4*w - 25 = 0. What is the units digit of 8 - k/2*2?
9
Let z = 27 - 11. What is the units digit of z?
6
Let o(w) = -w**2 + 9*w + 4. Let m be o(7). Suppose m + 10 = 4*r. What is the units digit of r?
7
Suppose -6*h - 30 - 6 = 0. What is the units digit of 9/h*(-64)/12?
8
Let c = 12 + -8. Let z = -2 + c. What is the units digit of z?
2
Let j be ((-15)/2)/(9/18). Let s = -11 - j. What is the units digit of s?
4
Suppose 5*o = -o + 264. What is the units digit of o?
4
Let d(i) = 3*i - 3. Let h be d(7). Suppose -g = 6 - h. What is the tens digit of g?
1
Let b = 13 - 1. What is the units digit of b?
2
Let w = -84 - -184. What is the tens digit of w?
0
Suppose -5*w + 26 = -3*l, 44 = 5*w + 2*l + l. Suppose 0 = 10*a - 5*a + 180. What is the units digit of (a/14)/((-1)/w)?
8
Let w = -4 + 8. Suppose -b - w*b = -15. Suppose -b*z = -z - 20. What is the tens digit of z?
1
Suppose 6*c - 11*c = -215. What is the tens digit of c?
4
Let n = 46 - 17. Let c = n - 19. Suppose -2*s = t - 7, 23 = 3*s - 3*t - c. What is the units digit of s?
6
Suppose 4*r + 76 = 2*p, -4*r = -p + 23 + 9. What is the tens digit of p?
4
Let a(g) = 3*g + 2. Let m(i) = -i - 1. Let v(u) = 4*a(u) + 7*m(u). Let k be v(6). Suppose -5*x - 4*w = -9 - 34, 0 = 2*x - 3*w - k. What is the units digit of x?
1
Let k = 1 + -1. Suppose -3*q - 2 = -q, -2*q = -2*n + 24. Suppose -a = -k*a - n. What is the tens digit of a?
1
Suppose r + 7 - 23 = 0. What is the tens digit of r?
1
Let q be (10/20)/(1/2). Let u = 13 - q. What is the units digit of u?
2
Suppose -n - 17 = -5*y, 3*n - 2*n + 5*y = 13. What is the units digit of (-1)/((-3)/6) - n?
4
What is the tens digit of ((-9)/(-12))/((-2)/(-48))?
1
Let b be 6/18 - 24/(-9). Let w(z) = 8*z**3 + z**2 - z + 1. Let h be w(1). Suppose 3*a + b*n = 30, h = 5*a + n - 33. What is the units digit of a?
8
Let f(k) = k**2 + 9*k + 3. What is the units digit of f(4)?
5
Let f be (-1649)/(-68) + (-1)/4. Suppose 2*z - f = -0*z - 3*g, 0 = -g. What is the units digit of z?
2
Suppose 5*h + 66 = -39. Let a be ((-14)/h)/(2/9). Suppose 24 = x + a*x. What is the units digit of x?
6
Suppose 2*n - 2 = 2. Suppose s + 15 = n*s. What is the tens digit of s?
1
Suppose 4*p - 9 + 1 = -5*g, p = 5*g + 2. Suppose -4*m + m + 9 = g. Let w = 3 + m. What is the units digit of w?
6
Suppose 0*r - 2*g + 20 = 2*r, 4*r - 5*g = 40. Let d = r - 5. Suppose -10 = -d*m - 0*m. What i